{"id":1147,"date":"2019-01-07T12:41:25","date_gmt":"2019-01-07T12:41:25","guid":{"rendered":"http:\/\/localhost\/Exhibz\/?page_id=1147"},"modified":"2025-06-25T18:24:36","modified_gmt":"2025-06-25T18:24:36","slug":"patrocinadores","status":"publish","type":"page","link":"https:\/\/summits.estadao.com.br\/imobiliario\/patrocinadores\/","title":{"rendered":"Patrocinadores"},"content":{"rendered":"\t\t<div data-elementor-type=\"wp-post\" data-elementor-id=\"1147\" class=\"elementor elementor-1147\">\n\t\t\t\t<div class=\"elementor-element elementor-element-b3e31b3 e-flex e-con-boxed e-con e-parent\" data-id=\"b3e31b3\" data-element_type=\"container\" data-settings=\"{&quot;content_width&quot;:&quot;boxed&quot;}\" data-core-v316-plus=\"true\">\n\t\t\t\t\t<div class=\"e-con-inner\">\n\t\t<div class=\"elementor-element elementor-element-8ec7ffc e-con-full e-flex e-con e-child\" data-id=\"8ec7ffc\" data-element_type=\"container\" data-settings=\"{&quot;content_width&quot;:&quot;full&quot;}\">\n\t\t\t\t<div class=\"elementor-element elementor-element-4ba46d9 elementor-widget__width-inherit publicidade elementor-widget elementor-widget-sidebar\" data-id=\"4ba46d9\" data-element_type=\"widget\" data-settings=\"{&quot;ekit_we_effect_on&quot;:&quot;none&quot;}\" data-widget_type=\"sidebar.default\">\n\t\t\t\t<div class=\"elementor-widget-container\">\n\t\t\t<div id=\"custom_html-6\" class=\"widget_text widgets widget_custom_html\"><div class=\"textwidget custom-html-widget\"><!-- \/118650305\/summits-estadao\/imobiliario -->\r\n<div class=\"area-publicidade-rectangular\">\r\n<p>Publicidade<\/p>\r\n\t<div class=\"area-publicidade\">\r\n<div id='div-gpt-ad-1727296881794-0' style='min-width: 300px; min-height: 50px;'>\r\n<script>\r\n    googletag.cmd.push(function() { googletag.display('div-gpt-ad-1727296881794-0'); });\r\n  <\/script>\r\n<\/div>\r\n<\/div>\r\n<\/div><\/div><\/div> <!-- end widget -->\t\t<\/div>\n\t\t\t\t<\/div>\n\t\t\t\t<\/div>\n\t\t\t\t\t<\/div>\n\t\t\t\t<\/div>\n\t\t<div class=\"elementor-element elementor-element-14f51b7 e-flex e-con-boxed e-con e-parent\" data-id=\"14f51b7\" data-element_type=\"container\" data-settings=\"{&quot;content_width&quot;:&quot;boxed&quot;}\" data-core-v316-plus=\"true\">\n\t\t\t\t\t<div class=\"e-con-inner\">\n\t\t<div class=\"elementor-element elementor-element-cc5dd58 e-flex e-con-boxed e-con e-child\" data-id=\"cc5dd58\" data-element_type=\"container\" data-settings=\"{&quot;content_width&quot;:&quot;boxed&quot;}\">\n\t\t\t\t\t<div class=\"e-con-inner\">\n\t\t\t\t<div class=\"elementor-element elementor-element-ac1e24f elementor-invisible elementor-widget elementor-widget-exhibz-title\" data-id=\"ac1e24f\" data-element_type=\"widget\" data-settings=\"{&quot;_animation&quot;:&quot;slideInUp&quot;,&quot;ekit_we_effect_on&quot;:&quot;none&quot;}\" data-widget_type=\"exhibz-title.default\">\n\t\t\t\t<div class=\"elementor-widget-container\">\n\t\t\t\n    <div class=\"title-section-area\">\n        <h2 class=\"section-title\">\n            <span class=\"sub-title\"><\/span>\n\t\t\tApoio:        <\/h2>\n\t\t                    <span class=\"title-shape\">\n                  <svg xmlns='http:\/\/www.w3.org\/2000\/svg' xmlns:xlink='http:\/\/www.w3.org\/1999\/xlink' width='71px' height='11px'> <path fill-rule='evenodd' d='M59.669,10.710 L49.164,3.306 L39.428,10.681 L29.714,3.322 L20.006,10.682 L10.295,3.322 L1.185,10.228 L-0.010,8.578 L10.295,0.765 L20.006,8.125 L29.714,0.765 L39.428,8.125 L49.122,0.781 L59.680,8.223 L69.858,1.192 L70.982,2.895 L59.669,10.710 Z'\/><\/svg>\n            <\/span>\n                    <\/div><!-- Section title -->\n    \n    \n\n    \t\t<\/div>\n\t\t\t\t<\/div>\n\t\t<div class=\"elementor-element elementor-element-d67328f e-flex e-con-boxed e-con e-child\" data-id=\"d67328f\" data-element_type=\"container\" data-settings=\"{&quot;content_width&quot;:&quot;boxed&quot;}\">\n\t\t\t\t\t<div class=\"e-con-inner\">\n\t\t\t\t<div class=\"elementor-element elementor-element-9a31f29 elementor-widget elementor-widget-image\" data-id=\"9a31f29\" data-element_type=\"widget\" data-settings=\"{&quot;ekit_we_effect_on&quot;:&quot;none&quot;}\" data-widget_type=\"image.default\">\n\t\t\t\t<div class=\"elementor-widget-container\">\n\t\t\t<style>\/*! elementor - v3.19.0 - 07-02-2024 *\/\n.elementor-widget-image{text-align:center}.elementor-widget-image a{display:inline-block}.elementor-widget-image a img[src$=\".svg\"]{width:48px}.elementor-widget-image img{vertical-align:middle;display:inline-block}<\/style>\t\t\t\t\t\t\t\t\t\t\t<a href=\"https:\/\/admin.cms.sp.gov.br\/dx\/api\/dam\/v1\/collections\/cb8597eb-fb31-4cf3-b935-f47e54cdd080\/items\/b10c04de-9f63-49b0-baaa-a00884864cc9\/renditions\/4e8d0063-13ed-4def-8942-271321eaba1d?binary=true\">\n\t\t\t\t\t\t\t<img decoding=\"async\" src=\"https:\/\/summits.estadao.com.br\/imobiliario\/wp-content\/uploads\/elementor\/thumbs\/cdhu-2024-positivo-r7llz2u3rgtl6o6yyzdnrzw5pgopmwlru67ie3in0g.png\" title=\"cdhu-2024-positivo\" alt=\"cdhu-2024-positivo\" loading=\"lazy\" \/>\t\t\t\t\t\t\t\t<\/a>\n\t\t\t\t\t\t\t\t\t\t\t\t\t<\/div>\n\t\t\t\t<\/div>\n\t\t\t\t\t<\/div>\n\t\t\t\t<\/div>\n\t\t\t\t\t<\/div>\n\t\t\t\t<\/div>\n\t\t<div class=\"elementor-element elementor-element-97b0033 e-flex e-con-boxed e-con e-child\" data-id=\"97b0033\" data-element_type=\"container\" data-settings=\"{&quot;content_width&quot;:&quot;boxed&quot;}\">\n\t\t\t\t\t<div class=\"e-con-inner\">\n\t\t\t\t<div class=\"elementor-element elementor-element-28ecce5 elementor-invisible elementor-widget elementor-widget-exhibz-title\" data-id=\"28ecce5\" data-element_type=\"widget\" data-settings=\"{&quot;_animation&quot;:&quot;slideInUp&quot;,&quot;ekit_we_effect_on&quot;:&quot;none&quot;}\" data-widget_type=\"exhibz-title.default\">\n\t\t\t\t<div class=\"elementor-widget-container\">\n\t\t\t\n    <div class=\"title-section-area\">\n        <h2 class=\"section-title\">\n            <span class=\"sub-title\"><\/span>\n\t\t\tPatroc\u00ednio:        <\/h2>\n\t\t                    <span class=\"title-shape\">\n                  <svg xmlns='http:\/\/www.w3.org\/2000\/svg' xmlns:xlink='http:\/\/www.w3.org\/1999\/xlink' width='71px' height='11px'> <path fill-rule='evenodd' d='M59.669,10.710 L49.164,3.306 L39.428,10.681 L29.714,3.322 L20.006,10.682 L10.295,3.322 L1.185,10.228 L-0.010,8.578 L10.295,0.765 L20.006,8.125 L29.714,0.765 L39.428,8.125 L49.122,0.781 L59.680,8.223 L69.858,1.192 L70.982,2.895 L59.669,10.710 Z'\/><\/svg>\n            <\/span>\n                    <\/div><!-- Section title -->\n    \n    \n\n    \t\t<\/div>\n\t\t\t\t<\/div>\n\t\t\t\t\t<\/div>\n\t\t\t\t<\/div>\n\t\t\t\t\t<\/div>\n\t\t\t\t<\/div>\n\t\t<div class=\"elementor-element elementor-element-e1299d5 e-flex e-con-boxed e-con e-parent\" data-id=\"e1299d5\" data-element_type=\"container\" data-settings=\"{&quot;background_background&quot;:&quot;classic&quot;,&quot;content_width&quot;:&quot;boxed&quot;}\" data-core-v316-plus=\"true\">\n\t\t\t\t\t<div class=\"e-con-inner\">\n\t\t<div class=\"elementor-element elementor-element-73c2e8d e-con-full e-flex e-con e-child\" data-id=\"73c2e8d\" data-element_type=\"container\" data-settings=\"{&quot;content_width&quot;:&quot;full&quot;}\">\n\t\t\t\t<div class=\"elementor-element elementor-element-179c18b elementor-widget elementor-widget-image\" data-id=\"179c18b\" data-element_type=\"widget\" data-settings=\"{&quot;ekit_we_effect_on&quot;:&quot;none&quot;}\" data-widget_type=\"image.default\">\n\t\t\t\t<div class=\"elementor-widget-container\">\n\t\t\t\t\t\t\t\t\t\t\t\t\t\t<a href=\"https:\/\/awrealty.com.br\/#\/\" target=\"_blank\">\n\t\t\t\t\t\t\t<img decoding=\"async\" src=\"https:\/\/summits.estadao.com.br\/imobiliario\/wp-content\/uploads\/elementor\/thumbs\/Logo-AW-incorporadora_Novo-scaled-r6s9m0q3u1wyey6z4r07c1tshiau3dv7ajucnqufi8.jpg\" title=\"Logo AW incorporadora_Novo\" alt=\"Logo AW incorporadora_Novo\" loading=\"lazy\" \/>\t\t\t\t\t\t\t\t<\/a>\n\t\t\t\t\t\t\t\t\t\t\t\t\t<\/div>\n\t\t\t\t<\/div>\n\t\t\t\t<\/div>\n\t\t<div class=\"elementor-element elementor-element-5689c18 e-con-full e-flex e-con e-child\" data-id=\"5689c18\" data-element_type=\"container\" data-settings=\"{&quot;content_width&quot;:&quot;full&quot;}\">\n\t\t\t\t<div class=\"elementor-element elementor-element-8b0ce9b elementor-widget elementor-widget-image\" data-id=\"8b0ce9b\" data-element_type=\"widget\" data-settings=\"{&quot;_animation&quot;:&quot;none&quot;,&quot;ekit_we_effect_on&quot;:&quot;none&quot;}\" data-widget_type=\"image.default\">\n\t\t\t\t<div class=\"elementor-widget-container\">\n\t\t\t\t\t\t\t\t\t\t\t\t\t\t<a href=\"https:\/\/www.quintoandar.com.br\/?utm_source=digital&#038;utm_medium=branding&#038;utm_campaign=39.hybr.bra.nonorg.na.b.webdisplay.estadao.25_QD2_Institucional_Amplo_Branding_Estadao_Awareness_Display_NA&#038;utm_term=BR_5_NA_NA_Estadao_NA_ROS&#038;utm_content=Estatico_Institucional_Logo_0_All_DP_Site_Site-Home_NA\" target=\"_blank\">\n\t\t\t\t\t\t\t<img decoding=\"async\" width=\"300\" height=\"70\" src=\"https:\/\/summits.estadao.com.br\/imobiliario\/wp-content\/uploads\/2025\/05\/Quinto_andar.png\" class=\"attachment-large size-large wp-image-4909\" alt=\"\" \/>\t\t\t\t\t\t\t\t<\/a>\n\t\t\t\t\t\t\t\t\t\t\t\t\t<\/div>\n\t\t\t\t<\/div>\n\t\t\t\t<\/div>\n\t\t\t\t\t<\/div>\n\t\t\t\t<\/div>\n\t\t\t\t<section class=\"elementor-section elementor-top-section elementor-element elementor-element-8303d49 elementor-section-boxed elementor-section-height-default elementor-section-height-default\" data-id=\"8303d49\" data-element_type=\"section\" data-settings=\"{&quot;background_background&quot;:&quot;classic&quot;}\">\n\t\t\t\t\t\t<div class=\"elementor-container elementor-column-gap-default\">\n\t\t\t\t\t<div class=\"elementor-column elementor-col-100 elementor-top-column elementor-element elementor-element-fd00efb\" data-id=\"fd00efb\" data-element_type=\"column\">\n\t\t\t<div class=\"elementor-widget-wrap elementor-element-populated\">\n\t\t\t\t\t\t<div class=\"elementor-element elementor-element-98d0d5c elementor-invisible elementor-widget elementor-widget-exhibz-title\" data-id=\"98d0d5c\" data-element_type=\"widget\" data-settings=\"{&quot;_animation&quot;:&quot;fadeInUp&quot;,&quot;_animation_delay&quot;:300,&quot;ekit_we_effect_on&quot;:&quot;none&quot;}\" data-widget_type=\"exhibz-title.default\">\n\t\t\t\t<div class=\"elementor-widget-container\">\n\t\t\t\n    <div class=\"title-section-area\">\n        <h2 class=\"section-title\">\n            <span class=\"sub-title\">Seja nosso<\/span>\n\t\t\t Patrocinador!        <\/h2>\n\t\t                    <\/div><!-- Section title -->\n    \n    \n\n    \t\t<\/div>\n\t\t\t\t<\/div>\n\t\t\t\t\t<\/div>\n\t\t<\/div>\n\t\t\t\t\t<\/div>\n\t\t<\/section>\n\t\t<div class=\"elementor-element elementor-element-0b89426 e-flex e-con-boxed e-con e-parent\" data-id=\"0b89426\" data-element_type=\"container\" data-settings=\"{&quot;background_background&quot;:&quot;classic&quot;,&quot;content_width&quot;:&quot;boxed&quot;}\" data-core-v316-plus=\"true\">\n\t\t\t\t\t<div class=\"e-con-inner\">\n\t\t<div class=\"elementor-element elementor-element-471a5c3 e-con-full e-flex e-con e-child\" data-id=\"471a5c3\" data-element_type=\"container\" data-settings=\"{&quot;content_width&quot;:&quot;full&quot;}\">\n\t\t\t\t<div class=\"elementor-element elementor-element-bee6b3d elementor-widget elementor-widget-text-editor\" data-id=\"bee6b3d\" data-element_type=\"widget\" data-settings=\"{&quot;ekit_we_effect_on&quot;:&quot;none&quot;}\" data-widget_type=\"text-editor.default\">\n\t\t\t\t<div class=\"elementor-widget-container\">\n\t\t\t<style>\/*! elementor - v3.19.0 - 07-02-2024 *\/\n.elementor-widget-text-editor.elementor-drop-cap-view-stacked .elementor-drop-cap{background-color:#69727d;color:#fff}.elementor-widget-text-editor.elementor-drop-cap-view-framed .elementor-drop-cap{color:#69727d;border:3px solid;background-color:transparent}.elementor-widget-text-editor:not(.elementor-drop-cap-view-default) .elementor-drop-cap{margin-top:8px}.elementor-widget-text-editor:not(.elementor-drop-cap-view-default) .elementor-drop-cap-letter{width:1em;height:1em}.elementor-widget-text-editor .elementor-drop-cap{float:left;text-align:center;line-height:1;font-size:50px}.elementor-widget-text-editor .elementor-drop-cap-letter{display:inline-block}<\/style>\t\t\t\t<p><span style=\"color: #f2f2f2;\">O tradicional Summit Imobili\u00e1rio, promovido pelo Estad\u00e3o, em parceria com o Secovi-SP traz muito mais oportunidades de patroc\u00ednios. Traga a sua marca para fazer parte dessa hist\u00f3ria!\u00a0<\/span><\/p><ul><li><span style=\"color: #f2f2f2;\">Networking com renomados especialistas e jornalistas, acad\u00eamicos, executivos e representantes governamentais<\/span><\/li><li><span style=\"color: #f2f2f2;\">Conte\u00fado exclusivo no evento presencial<\/span><\/li><li><span style=\"color: #f2f2f2;\">Novos espa\u00e7os para ativa\u00e7\u00f5es das marcas<\/span><\/li><li><span style=\"color: #f2f2f2;\">Experi\u00eancias diferenciadas<\/span><\/li><li><span style=\"color: #f2f2f2;\">Brand speech, com cobertura multim\u00eddia no pr\u00e9 e p\u00f3s-evento<\/span><\/li><li><span style=\"color: #f2f2f2;\">Almo\u00e7o Sele\u00e7\u00e3o Paladar<\/span><\/li><li><span style=\"color: #f2f2f2;\">Happy hour com pocket show<\/span><\/li><\/ul><h4><strong><span style=\"color: #f2f2f2;\">N\u00e3o perca essa oportunidade!<\/span><\/strong><\/h4><p><span style=\"color: #f2f2f2;\"> Seja um patrocinador e se destaque no mais relevante evento sobre o mercado imobili\u00e1rio do Brasil. Clique no bot\u00e3o abaixo e receba uma proposta sob medida para atender as suas expectativas:<\/span><\/p>\t\t\t\t\t\t<\/div>\n\t\t\t\t<\/div>\n\t\t\t\t<div class=\"elementor-element elementor-element-342c413 elementor-align-center elementor-widget elementor-widget-button\" data-id=\"342c413\" data-element_type=\"widget\" data-settings=\"{&quot;ekit_we_effect_on&quot;:&quot;none&quot;}\" data-widget_type=\"button.default\">\n\t\t\t\t<div class=\"elementor-widget-container\">\n\t\t\t\t\t<div class=\"elementor-button-wrapper\">\n\t\t\t<a class=\"elementor-button elementor-button-link elementor-size-sm\" href=\"mailto:summit@estadao.com\">\n\t\t\t\t\t\t<span class=\"elementor-button-content-wrapper\">\n\t\t\t\t\t\t<span class=\"elementor-button-icon elementor-align-icon-left\">\n\t\t\t\t<svg aria-hidden=\"true\" class=\"e-font-icon-svg e-far-envelope\" viewBox=\"0 0 512 512\" xmlns=\"http:\/\/www.w3.org\/2000\/svg\"><path d=\"M464 64H48C21.49 64 0 85.49 0 112v288c0 26.51 21.49 48 48 48h416c26.51 0 48-21.49 48-48V112c0-26.51-21.49-48-48-48zm0 48v40.805c-22.422 18.259-58.168 46.651-134.587 106.49-16.841 13.247-50.201 45.072-73.413 44.701-23.208.375-56.579-31.459-73.413-44.701C106.18 199.465 70.425 171.067 48 152.805V112h416zM48 400V214.398c22.914 18.251 55.409 43.862 104.938 82.646 21.857 17.205 60.134 55.186 103.062 54.955 42.717.231 80.509-37.199 103.053-54.947 49.528-38.783 82.032-64.401 104.947-82.653V400H48z\"><\/path><\/svg>\t\t\t<\/span>\n\t\t\t\t\t\t<span class=\"elementor-button-text\">summit@estadao.com<\/span>\n\t\t<\/span>\n\t\t\t\t\t<\/a>\n\t\t<\/div>\n\t\t\t\t<\/div>\n\t\t\t\t<\/div>\n\t\t\t\t<\/div>\n\t\t<div class=\"elementor-element elementor-element-6dfca84 e-con-full e-flex e-con e-child\" data-id=\"6dfca84\" data-element_type=\"container\" data-settings=\"{&quot;content_width&quot;:&quot;full&quot;}\">\n\t\t<div class=\"elementor-element elementor-element-aa1d6b0 e-flex e-con-boxed e-con e-child\" data-id=\"aa1d6b0\" data-element_type=\"container\" data-settings=\"{&quot;content_width&quot;:&quot;boxed&quot;}\">\n\t\t\t\t\t<div class=\"e-con-inner\">\n\t\t\t\t<div class=\"elementor-element elementor-element-a84b327 elementor-widget elementor-widget-image\" data-id=\"a84b327\" data-element_type=\"widget\" data-settings=\"{&quot;ekit_we_effect_on&quot;:&quot;none&quot;}\" data-widget_type=\"image.default\">\n\t\t\t\t<div class=\"elementor-widget-container\">\n\t\t\t\t\t\t\t\t\t\t\t\t\t<img fetchpriority=\"high\" decoding=\"async\" width=\"700\" height=\"720\" src=\"https:\/\/summits.estadao.com.br\/imobiliario\/wp-content\/uploads\/2024\/03\/fotos-edicoes.png\" class=\"attachment-large size-large wp-image-4174\" alt=\"\" srcset=\"https:\/\/summits.estadao.com.br\/imobiliario\/wp-content\/uploads\/2024\/03\/fotos-edicoes.png 700w, https:\/\/summits.estadao.com.br\/imobiliario\/wp-content\/uploads\/2024\/03\/fotos-edicoes-292x300.png 292w\" sizes=\"(max-width: 700px) 100vw, 700px\" \/>\t\t\t\t\t\t\t\t\t\t\t\t\t<\/div>\n\t\t\t\t<\/div>\n\t\t\t\t\t<\/div>\n\t\t\t\t<\/div>\n\t\t\t\t<\/div>\n\t\t\t\t\t<\/div>\n\t\t\t\t<\/div>\n\t\t<div class=\"elementor-element elementor-element-85ec0cd e-flex e-con-boxed e-con e-parent\" data-id=\"85ec0cd\" data-element_type=\"container\" data-settings=\"{&quot;content_width&quot;:&quot;boxed&quot;}\" data-core-v316-plus=\"true\">\n\t\t\t\t\t<div class=\"e-con-inner\">\n\t\t\t\t<div class=\"elementor-element elementor-element-2290619 elementor-widget elementor-widget-text-editor\" data-id=\"2290619\" data-element_type=\"widget\" data-settings=\"{&quot;ekit_we_effect_on&quot;:&quot;none&quot;}\" data-widget_type=\"text-editor.default\">\n\t\t\t\t<div class=\"elementor-widget-container\">\n\t\t\t\t\t\t\t\t\t\t\t\t\t<\/div>\n\t\t\t\t<\/div>\n\t\t\t\t\t<\/div>\n\t\t\t\t<\/div>\n\t\t\t\t<\/div>\n\t\t","protected":false},"excerpt":{"rendered":"<p>Apoio: Patroc\u00ednio: Seja nosso Patrocinador! O tradicional Summit Imobili\u00e1rio, promovido pelo Estad\u00e3o, em parceria com o Secovi-SP traz muito mais oportunidades de patroc\u00ednios. Traga a sua marca para fazer parte dessa hist\u00f3ria!\u00a0 Networking com renomados especialistas e jornalistas, acad\u00eamicos, executivos e representantes governamentais Conte\u00fado exclusivo no evento presencial Novos espa\u00e7os para ativa\u00e7\u00f5es das marcas Experi\u00eancias [&hellip;]<\/p>\n","protected":false},"author":3,"featured_media":0,"parent":0,"menu_order":0,"comment_status":"closed","ping_status":"closed","template":"template\/full-width-template.php","meta":[],"_links":{"self":[{"href":"https:\/\/summits.estadao.com.br\/imobiliario\/wp-json\/wp\/v2\/pages\/1147"}],"collection":[{"href":"https:\/\/summits.estadao.com.br\/imobiliario\/wp-json\/wp\/v2\/pages"}],"about":[{"href":"https:\/\/summits.estadao.com.br\/imobiliario\/wp-json\/wp\/v2\/types\/page"}],"author":[{"embeddable":true,"href":"https:\/\/summits.estadao.com.br\/imobiliario\/wp-json\/wp\/v2\/users\/3"}],"replies":[{"embeddable":true,"href":"https:\/\/summits.estadao.com.br\/imobiliario\/wp-json\/wp\/v2\/comments?post=1147"}],"version-history":[{"count":67,"href":"https:\/\/summits.estadao.com.br\/imobiliario\/wp-json\/wp\/v2\/pages\/1147\/revisions"}],"predecessor-version":[{"id":5213,"href":"https:\/\/summits.estadao.com.br\/imobiliario\/wp-json\/wp\/v2\/pages\/1147\/revisions\/5213"}],"wp:attachment":[{"href":"https:\/\/summits.estadao.com.br\/imobiliario\/wp-json\/wp\/v2\/media?parent=1147"}],"curies":[{"name":"wp","href":"https:\/\/api.w.org\/{rel}","templated":true}]}}